9310?
9
What is the tens digit of 242755?
5
What is the ten thousands digit of 754481?
5
What is the units digit of 214375?
5
What is the thousands digit of 983390?
3
What is the hundred thousands digit of 310771?
3
What is the hundreds digit of 20301881?
8
What is the ten thousands digit of 19355090?
5
What is the hundreds digit of 365874?
8
What is the tens digit of 1241686?
8
What is the ten thousands digit of 92561?
9
What is the millions digit of 1787537?
1
What is the hundreds digit of 1532381?
3
What is the hundred thousands digit of 372145?
3
What is the units digit of 282962?
2
What is the thousands digit of 67636?
7
What is the tens digit of 1150174?
7
What is the thousands digit of 63734?
3
What is the hundreds digit of 613334?
3
What is the tens digit of 2238378?
7
What is the ten thousands digit of 5696370?
9
What is the hundred thousands digit of 16746435?
7
What is the hundreds digit of 171926?
9
What is the tens digit of 4276767?
6
What is the hundred thousands digit of 423255?
4
What is the tens digit of 5100055?
5
What is the ten thousands digit of 18496200?
9
What is the hundred thousands digit of 3365999?
3
What is the hundred thousands digit of 11866507?
8
What is the thousands digit of 3584522?
4
What is the ten thousands digit of 595784?
9
What is the hundred thousands digit of 4036158?
0
What is the millions digit of 9318658?
9
What is the tens digit of 1373203?
0
What is the thousands digit of 1660007?
0
What is the tens digit of 1776?
7
What is the units digit of 325689?
9
What is the tens digit of 8207378?
7
What is the hundreds digit of 903269?
2
What is the thousands digit of 55694?
5
What is the thousands digit of 716443?
6
What is the hundred thousands digit of 2103431?
1
What is the thousands digit of 117248?
7
What is the units digit of 10300667?
7
What is the ten thousands digit of 2684732?
8
What is the hundreds digit of 10314350?
3
What is the thousands digit of 88845?
8
What is the thousands digit of 4720650?
0
What is the hundreds digit of 1092879?
8
What is the hundred thousands digit of 2263258?
2
What is the ten thousands digit of 10464?
1
What is the hundreds digit of 42819?
8
What is the thousands digit of 910866?
0
What is the ten thousands digit of 1763138?
6
What is the hundreds digit of 290936?
9
What is the units digit of 168399?
9
What is the units digit of 352197?
7
What is the units digit of 946811?
1
What is the hundreds digit of 214942?
9
What is the millions digit of 1172321?
1
What is the units digit of 404688?
8
What is the tens digit of 7584581?
8
What is the thousands digit of 3591974?
1
What is the hundreds digit of 328883?
8
What is the tens digit of 24487?
8
What is the millions digit of 8361656?
8
What is the units digit of 1439051?
1
What is the ten thousands digit of 3225776?
2
What is the thousands digit of 994980?
4
What is the tens digit of 903339?
3
What is the thousands digit of 1933530?
3
What is the thousands digit of 70683?
0
What is the millions digit of 8548365?
8
What is the ten thousands digit of 1574169?
7
What is the hundreds digit of 594289?
2
What is the ten thousands digit of 220317?
2
What is the units digit of 70386?
6
What is the tens digit of 918236?
3
What is the hundred thousands digit of 11302123?
3
What is the ten thousands digit of 867656?
6
What is the units digit of 4433717?
7
What is the hundreds digit of 3487606?
6
What is the hundreds digit of 1284810?
8
What is the tens digit of 16569290?
9
What is the hundred thousands digit of 114781?
1
What is the hundred thousands digit of 629133?
6
What is the millions digit of 2389813?
2
What is the hundred thousands digit of 31591959?
5
What is the tens digit of 413468?
6
What is the ten thousands digit of 820258?
2
What is the hundreds digit of 580417?
4
What is the hundred thousands digit of 624401?
6
What is the hundreds digit of 127103?
1
What is the thousands digit of 1446923?
6
What is the millions digit of 1162989?
1
What is the hundreds digit of 1585691?
6
What is the tens digit of 2460717?
1
What is the thousands digit of 3205920?
5
What is the units digit of 435302?
2
What is the tens digit of 1685012?
1
What is the hundred thousands digit of 3268544?
2
What is the hundred thousands digit of 3589305?
5
What is the hundreds digit of 136503?
5
What is the units digit of 343292?
2
What is the units digit of 909958?
8
What is the millions digit of 4113468?
4
What is the ten thousands digit of 2772876?
7
What is the millions digit of 3242126?
3
What is the hundreds digit of 455243?
2
What is the ten thousands digit of 24700?
2
What is the thousands digit of 5620226?
0
What is the units digit of 3793603?
3
What is the tens digit of 858543?
4
What is the tens digit of 651533?
3
What is the ten thousands digit of 20695732?
9
What is the tens digit of 165740?
4
What is the units digit of 411033?
3
What is the units digit of 504322?
2
What is the tens digit of 2358397?
9
What is the millions digit of 3771829?
3
What is the millions digit of 6482667?
6
What is the thousands digit of 998384?
8
What is the hundred thousands digit of 5241613?
2
What is the units digit of 264075?
5
What is the tens digit of 7817509?
0
What is the tens digit of 1171989?
8
What is the millions digit of 13013795?
3
What is the ten thousands digit of 38471597?
7
What is the thousands digit of 2228969?
8
What is the hundred thousands digit of 2550165?
5
What is the units digit of 341879?
9
What is the hundred thousands digit of 596160?
5
What is the ten thousands digit of 22604540?
0
What is the thousands digit of 4157057?
7
What is the hundreds digit of 7691753?
7
What is the millions digit of 24589824?
4
What is the units digit of 805045?
5
What is the hundreds digit of 415875?
8
What is the thousands digit of 1841687?
1
What is the thousands digit of 272100?
2
What is the hundreds digit of 446018?
0
What is the units digit of 55790?
0
What is the tens digit of 3880418?
1
What is the ten thousands digit of 7939940?
3
What is the hundreds digit of 32845?
8
What is the tens digit of 392845?
4
What is the thousands digit of 296158?
6
What is the thousands digit of 1930853?
0
What is the hundred thousands digit of 1665255?
6
What is the thousands digit of 4417995?
7
What is the tens digit of 1035090?
9
What is the tens digit of 1991225?
2
What is the hundred thousands digit of 1822609?
8
What is the ten thousands digit of 345745?
4
What is the hundred thousands digit of 545618?
5
What is the thousands digit of 725523?
5
What is the hundreds digit of 2057709?
7
What is the tens digit of 65824?
2
What is the units digit of 4112351?
1
What is the tens digit of 66653?
5
What is the units digit of 184594?
4
What is the ten thousands digit of 74009?
7
What is the hundreds digit of 7952?
9
What is the ten thousands digit of 9798446?
9
What is the thousands digit of 603498?
3
What is the hundred thousands digit of 189958?
1
What is the hundred thousands digit of 105089?
1
What is the tens digit of 678406?
0
What is the units digit of 44912?
2
What is the units digit of 7356705?
5
What is the hundred thousands digit of 142175?
1
What is the thousands digit of 24526264?
6
What is the hundreds digit of 4809909?
9
What is the units digit of 234913?
3
What is the tens digit of 571553?
5
What is the tens digit of 586216?
1
What is the thousands digit of 2449702?
9
What is the hundred thousands digit of 3870030?
8
What is the hundred thousands digit of 324253?
3
What is the units digit of 4987055?
5
What is the thousands digit of 3303551?
3
What is the tens digit of 124779?
7
What is the millions digit of 7364433?
7
What is the hundred thousands digit of 12775098?
7
What is the tens digit of 3156238?
3
What is the units digit of 646211?
1
What is the tens digit of 484261?
6
What is the hundred thousands digit of 822346?
8
What is the millions digit of 4089984?
4
What is the ten thousands digit of 1435789?
3
What is the units digit of 3940680?
0
What is the hundreds digit of 793594?
5
What is the millions digit of 1027266?
1
What is the ten millions digit of 11358983?
1
What is the hundreds digit of 84673?
6
What is the ten thousands digit of 1133047?
3
What is the ten thousands digit of 415822?
1
What is the hundreds digit of 8471?
4
What is the t